he units digit of c?
4
Let n(o) = o**3 + 43 - 4*o + o + 2*o**2 - 3*o**2 - 41. What is the units digit of n(3)?
1
Let a(q) be the first derivative of 5*q**3/3 - q**2/2 - 2*q + 2. What is the tens digit of a(2)?
1
Suppose 6*z - 3*z = -6, z = -s + 2. Let f(g) = g**3 - 4*g**2 + g. Let v be f(s). Let p(k) = 2*k + 4. What is the units digit of p(v)?
2
Let f = -42 + 75. What is the units digit of f?
3
What is the units digit of (12/10)/((-6)/(-160))?
2
Let i = -2 - 1. Let l = 6 + i. Let k = l - -7. What is the tens digit of k?
1
Let k be 2*(5 + -4 + -2). Let r = k + 13. What is the tens digit of r?
1
Suppose 2*v = 3*v - h - 11, 4*v + 4*h = 28. What is the units digit of 2 - (v*-1 + -1)?
2
Let p(l) = -l**3 - 7*l**2 - 5*l + 2. Let d be p(-6). Let j = d - -29. What is the tens digit of j?
2
Suppose -13*w + 4*w + 828 = 0. What is the units digit of w?
2
Let l(j) = 10*j - 1. Let o(k) = 10*k - 2. Let i(n) = -3*l(n) + 2*o(n). What is the units digit of i(-1)?
9
Suppose -2*q = -7*q - 5*i, -4*i = -2*q. Suppose q = r - 1. What is the units digit of (-3 + -2)/((-1)/r)?
5
Suppose 2*z = -4*d + 3*z - 10, 4*d + 16 = -2*z. Let j = 4 + -6. What is the units digit of (d/j)/(15/20)?
2
What is the tens digit of 418/10 - 8/10?
4
Let w(i) = i - 8. Let y be w(10). What is the units digit of 2*14*y/2?
8
Suppose 5*z - z + 12 = f, 2*f = 5*z + 15. Suppose f = h - 2*r - 42, 2*h = -3*r + 33 + 23. What is the tens digit of h?
3
Let x be (6/(-4))/(3/(-96)). Let c be 2/(x/21 + -2). Let t = c - 3. What is the units digit of t?
4
Suppose 0 = 5*l - 5*j - 10, -2*l - l = -j - 8. Suppose -4*u + 3*v = -49, l*v - 42 = u - 4*u. What is the units digit of u?
3
Suppose -3*l - 2*l + 20 = 0. Suppose -j - l = -23. What is the units digit of j?
9
Suppose 0 = -3*x + 4 + 2. Let j(r) = 2*r**2 - 3*r. Let g be j(x). What is the units digit of (g - (0 + 0)) + 4?
6
Let u(p) be the second derivative of p**4/6 + p**3/6 - 5*p**2/2 - 5*p. What is the tens digit of u(-4)?
2
Let t be 0 + (-5 + -3)/(-2). Suppose 4*u + 5*a - 304 = 0, -3*u - t*a + 76 = -2*u. Suppose 0 = -2*w + 2, -b - 4*w = 3*b - u. What is the tens digit of b?
1
Let j(t) = 14*t + 28. What is the tens digit of j(9)?
5
Let t(y) = 2*y. Let g(i) = -i**2 + i. Let w(d) = -3*g(d) + 2*t(d). What is the units digit of w(-2)?
0
Let w(t) = t**3 + 2*t**2 + 255. What is the hundreds digit of w(0)?
2
Suppose 2*j + 23 = -h - 4*h, -j - 24 = 5*h. Let m be j/(2 - (-6)/(-4)). What is the tens digit of (2 + -4)*(-13)/m?
1
Suppose -2*u + 531 = z, -5*z - 27 - 211 = -u. What is the units digit of u?
3
Let x(m) = 353*m - 12. What is the hundreds digit of x(1)?
3
Let a(x) = 4*x - 1. Let b be a(1). Suppose 72 = -b*u - u. What is the units digit of u/((-3)/((-6)/(-4)))?
9
Let v = -175 - -253. What is the units digit of v?
8
Let j = -6 - -3. Let w = j + 15. What is the tens digit of w?
1
Suppose t + 5*o = 16, 0*t + 112 = 4*t - 4*o. Let v = -11 + t. What is the tens digit of v?
1
Suppose -4*t + 11 + 19 = 5*h, 4*t + 3*h - 26 = 0. Let u(l) = 4*l + 4. What is the units digit of u(t)?
4
Suppose 2*j - 12 = -j. What is the units digit of j?
4
Suppose 5*u - 45 = 4*k, 0 = 2*u + 3*u + 5*k. Let p = -23 - -42. Suppose -22 - u = -5*w + 3*i, 0 = 5*w - i - p. What is the units digit of w?
3
Let f = -5 + 5. Suppose f = 4*h - h + 12. What is the units digit of 2/(h/(-6))*1?
3
Let t = 8 + -5. Let v be (6/10)/(t/15). Suppose v*f + k - 5 = 0, f = -3*f + 5*k - 6. What is the units digit of f?
1
Let m be (-1)/((-2)/218 + 0). Suppose -r - 8 + m = 4*y, -5*r = -y - 1. What is the tens digit of y?
2
Let k be 32/18 - 6/(-27). Suppose -9*q = -8*q - k. What is the units digit of q?
2
Let o(h) = h**2 + 2*h - 1. Suppose -r + 15 = 4*r. Suppose 3*p + 4*g + 5 + 0 = 0, -3*g - 6 = r*p. What is the units digit of o(p)?
2
Suppose 462 = 7*p - 287. What is the tens digit of p?
0
Let g(y) = y. Let q be (2 + -1)*1*6. What is the units digit of g(q)?
6
Suppose 0*n - 1 = -n. Let w(l) = -n + 4*l - 8 + 4. What is the units digit of w(4)?
1
Let u(w) = w + 16. What is the units digit of u(-15)?
1
What is the units digit of -1*3/6 + 18/4?
4
What is the tens digit of 29 + ((-3)/(-4))/((-11)/44)?
2
Suppose -4*p = -219 + 59. What is the units digit of p?
0
Let y(v) = -3*v - 5. Let k be y(-5). Let l(m) = -m**3 - m**2. Let x(f) = 6*f**3 - 4*f**2 - 10*f - 3. Let s(t) = -5*l(t) - x(t). What is the units digit of s(k)?
3
Let o = 17 + 4. Let i(c) = -c**2 - 4*c + 6. Let r be i(-5). Suppose -2*w - 3 + r = -2*l, l + 3*w = o. What is the units digit of l?
6
Let s(k) = k**2 - 3. Let v be s(-3). Let u(m) = -3 + 3*m**3 - m**3 - m**2 - m**3 - 3*m**2 - 8*m. What is the tens digit of u(v)?
2
Let i = -16 - -26. What is the tens digit of i?
1
Suppose -2*g + 2 + 2 = 0. Suppose 2*a = -g*a. Suppose a = -m + 2*m - 7. What is the units digit of m?
7
Suppose 2 - 5 = -3*l. Let n be -1 - l*(1 + 2). Let m(b) = -b**3 - 5*b**2 - 4*b + 3. What is the units digit of m(n)?
3
Suppose 9*z + 5*z = 4018. What is the units digit of z?
7
Let y = 5 - 31. Let m = -19 - y. What is the units digit of m?
7
Let n = -78 - -83. What is the units digit of n?
5
Let d(o) = 3*o**2 - 5*o - 13. What is the hundreds digit of d(-6)?
1
Let d(g) = -g**2 - 5*g - 3. Suppose 9 = 4*i - 23. Suppose -5*w + i = 2*u - 1, 4*u - 2*w + 18 = 0. What is the units digit of d(u)?
3
Let s = -31 + 19. Let x = s - -21. Suppose -4*t + t = -x. What is the units digit of t?
3
Suppose 3*t = -t + 56. Let i = -9 + t. Suppose -i*v - z = -6, v = -z - 1 - 1. What is the units digit of v?
2
Suppose -255 = -3*g - p, -2*g + 180 = 5*p - p. What is the units digit of g?
4
Let i = 940 + -628. What is the hundreds digit of i?
3
Let f = -140 + 211. What is the units digit of f?
1
Let q = 27 + -21. What is the units digit of (q - 10) + (27 - 0)?
3
Suppose -17 = -b - 2*w + w, -5*b + 85 = -5*w. What is the tens digit of b?
1
Suppose 2*o = 3*h, -2*h - h = -5*o - 18. Suppose 4*y = -0*y + 36. Let u = o + y. What is the units digit of u?
3
Suppose 2*z - 105 = -3*z. Let a be z/(-1 - (-3 - -1)). Suppose 5*r + a = 86. What is the tens digit of r?
1
Let g(s) = s + 1. Let d be g(-1). Let u = d + 5. Suppose 0 = y + 3*f - 22, -u*y + 32 = -3*y + 2*f. What is the units digit of y?
3
Suppose 5*r - 763 = -2*x - 0*r, 3*x - 1113 = 3*r. What is the units digit of x?
4
Let b = 157 + -91. Suppose 2*g + 2*y = b, 0*y + y + 83 = 3*g. What is the units digit of g?
9
Let k = 679 - 352. What is the hundreds digit of k?
3
Let f = -8 - -20. Let q(m) = m**3 - 12*m**2 + m + 13. What is the units digit of q(f)?
5
Let w(s) = -4*s + 2. Let y be w(3). Suppose -4*i - 3*q = -2*q - 58, 36 = 3*i - 3*q. Let f = i + y. What is the units digit of f?
4
Suppose -13 = -5*w + 2. Suppose w*z + 3*x - 24 = 0, -x - x = -4*z + 62. What is the tens digit of z?
1
Let l be 1*3/1*-1. Let s(u) = u**2 + u + 1. What is the units digit of s(l)?
7
Let n(d) = 7*d**2 - 8*d + 17. Let v(x) = -3*x**2 + 4*x - 8. Let y(i) = -4*n(i) - 9*v(i). Let m be y(-4). Suppose -3*a = a - m. What is the units digit of a?
1
Let t be (-37)/(-5) - 2/5. Suppose 2*l - t = l + 3*k, 4*l + 4*k + 4 = 0. What is the units digit of l?
1
Suppose 0*t = -5*u - 5*t + 175, -5*u + t = -175. Suppose 4*r - 2*o + 26 = -8, u = -2*r - 5*o. Let j = 14 + r. What is the units digit of j?
4
Let i(k) = 2*k + 0*k - 7*k + 44 - 47. What is the tens digit of i(-4)?
1
Let h(z) = -z**3 - 4*z - 2. Let u be h(-3). Suppose s + 3*o = u, o + 213 - 12 = 5*s. Suppose -5*c + s = 5*q, -2*q - q = -5*c + 8. What is the units digit of c?
4
Suppose -2*i + 5*p + 299 = 0, -584 = -4*i - 3*p - p. What is the units digit of i?
7
Let y = -167 + 290. What is the hundreds digit of y?
1
Let h be -3 + 31 + (-4 - 0). Let l = h - -11. What is the units digit of l?
5
Let q(n) = -n**3 - 3*n**2 + 11*n - 1. What is the tens digit of q(-7)?
1
Let p(i) = i - 7. Let f be p(7). Suppose 5*l - 6 - 9 = f. Suppose 0 = -3*z + 3 + l. What is the units digit of z?
2
Let n(l) be the third derivative of -l**6/120 + l**5/12 - l**4/24 - l**3/2 - 3*l**2. What is the units digit of n(4)?
9
Let y(f) = 10*f**2 - f. Suppose r - 3 + 0 = 0. Suppose 0 = -r*n - 2*n + 5. What is the units digit of y(n)?
9
Let p = -195 - -393. What is the tens digit of p?
9
What is the tens digit of (4/3)/((-8)/4740*-5)?
5
Let u(g) = -3*g**2 + g - 1. Let m be u(1). Let j be -1 - (-6 + (-6)/